1132
What is c06e34 (base 15) in base 14?
12db5db
What is -5669794 (base 11) in base 8?
-45670426
Convert -324212011 (base 5) to base 15.
-1c923b
78dc8 (base 15) to base 14
a0196
-124043400 (base 5) to base 3
-1011002222122
Convert -c89a (base 15) to base 10.
-42445
-126164605 (base 7) to base 16
-7c5e89
Convert 126a69 (base 15) to base 10.
883224
What is -364126 (base 8) in base 4?
-132201112
What is -29d59 (base 14) in base 6?
-2122111
What is 2180c (base 15) in base 14?
2ab09
What is -73552a (base 15) in base 2?
-10100111011001111100100
What is -22422120 (base 5) in base 8?
-611477
-17714 (base 13) to base 5
-2421030
What is 130200 (base 5) in base 13?
23b6
-14b5a (base 15) to base 6
-1232421
11222112313 (base 4) to base 7
15421105
27014 (base 12) to base 11
37293
Convert 141001101 (base 5) to base 6.
23224125
What is 1511661 (base 7) in base 2?
110001111111011101
What is -433455 (base 7) in base 8?
-223660
Convert -192624 (base 10) to base 9.
-323206
What is 112201203 (base 5) in base 13?
149680
What is -108923 (base 13) in base 15?
-7aa2e
-1c8322 (base 13) to base 8
-2625750
-4860a (base 15) to base 14
-601c0
What is 200201200102 (base 3) in base 9?
621612
Convert 22021 (base 6) to base 14.
116d
What is -6e45a (base 16) in base 10?
-451674
62553005 (base 8) to base 11
755a301
What is -74406 (base 11) in base 3?
-12111120011
What is -2674876 (base 9) in base 4?
-11212011300
-354628 (base 9) to base 3
-101211200222
What is -101001010101100011 (base 2) in base 7?
-1303426
Convert -22dbb (base 15) to base 13.
-3b753
What is 101001100011011 (base 2) in base 13?
98b7
What is 368b68 (base 14) in base 16?
1c8188
Convert -1163416 (base 9) to base 15.
-c758c
What is -62776 (base 16) in base 15?
-7e77d
What is 10203012133 (base 4) in base 14?
23075d
-13345366 (base 7) to base 4
-10232112121
Convert 121450 (base 7) to base 14.
8127
f10b6 (base 16) to base 3
1212011100100
What is 8821414 (base 9) in base 12?
1705b64
What is 11100022000021 (base 3) in base 6?
121252354
Convert -376523 (base 9) to base 6.
-4514550
What is -20002221232 (base 4) in base 9?
-3862577
What is 183b67 (base 12) in base 5?
101442232
1424b56 (base 12) to base 4
33120031302
Convert 257147 (base 8) to base 9.
146040
6914 (base 14) to base 4
10131012
Convert -2bba17 (base 16) to base 5.
-1213200222
What is 1000110101001011101 (base 2) in base 12?
11b565
583c81 (base 13) to base 16
1ff26d
Convert 71840 (base 11) to base 8.
314576
Convert 2446172 (base 11) to base 4.
100032211330
What is 7565670 (base 8) in base 7?
23136641
1000010101111111 (base 2) to base 16
857f
-12002200 (base 3) to base 8
-7205
What is -435042 (base 6) in base 3?
-1211111222
abc80 (base 13) to base 5
34440114
a1409 (base 14) to base 13
10760b
Convert -35308 (base 12) to base 3.
-10121210022
-431261 (base 13) to base 8
-6001135
What is 437822 (base 13) in base 6?
54010022
What is -10101101101001100110 (base 2) in base 8?
-2555146
Convert -11101113121 (base 4) to base 9.
-2535477
33122002 (base 6) to base 10
990578
Convert -3ac3c (base 13) to base 6.
-2204004
Convert -5332a (base 13) to base 14.
-3c8dd
Convert -159268 (base 11) to base 10.
-246551
What is 9a44 (base 16) in base 7?
223065
-2275900 (base 10) to base 16
-22ba3c
-157537 (base 12) to base 8
-1311473
-1cc6c1 (base 13) to base 3
-1101200020012
What is 534523 (base 11) in base 7?
10161045
Convert 10ace6 (base 16) to base 6.
35231234
What is -b5b97a (base 12) in base 14?
-546a18
Convert -11221002112 (base 3) to base 14.
-27505
What is -2c483 (base 14) in base 6?
-2212151
Convert -3127572 (base 8) to base 14.
-178d86
Convert -6436a (base 13) to base 10.
-180749
Convert 314510034 (base 6) to base 15.
748221
Convert -324733 (base 8) to base 3.
-12112112202
What is 7b369 (base 13) in base 4?
312312300
Convert -599158 (base 11) to base 10.
-949187
-723021 (base 8) to base 11
-153723
Convert -25f396 (base 16) to base 8.
-11371626
Convert -c0016 (base 13) to base 7.
-2625163
What is -16170 (base 8) in base 12?
-4274
-26870 (base 16) to base 6
-3214332
What is -10304440 (base 5) in base 15?
-1b19a
Convert 112311133 (base 4) to base 3.
11202022021
What is 22121000 (base 3) in base 15?
1cc9
Convert 582b (base 13) to base 6.
133142
Convert 979199 (base 10) to base 2.
11101111000011111111
Convert 3516011 (base 7) to base 13.
125c18
1a37530 (base 11) to base 10
3435949
Convert 1b625 (base 13) to base 2.
1101001000001101
Convert -1397a44 (base 13) to base 8.
-27552316
What is -34232021 (base 5) in base 7?
-2410655
Convert 22212110122 (base 3) to base 9.
285418
Convert 10063655 (base 7) to base 2.
11001100111010010000
-15456633 (base 7) to base 13
-403989
What is 739a07 (base 14) in base 5?
2000003204
What is -64514 (base 10) in base 2?
-1111110000000010
-41520230 (base 6) to base 16
-126e9a
Convert -30300 (base 4) to base 15.
-396
23831 (base 9) to base 15
4b0a
Convert -10541535 (base 6) to base 14.
-8632b
What is 53b6b (base 14) in base 3?
101021212100
Convert 1753485 (base 10) to base 4.
12230012031
Convert 4724021 (base 9) to base 10.
2555164
What is -213311103 (base 4) in base 6?
-3255203
Convert 2111110212121 (base 3) to base 13.
3766b1
What is 111010101100110101 (base 2) in base 5?
30143222
Convert -120622 (base 7) to base 5.
-1200134
Convert -66056630 (base 7) to base 8.
-25461532
Convert -10241131 (base 5) to base 14.
-23a13
-70b74 (base 15) to base 4
-1113021133
What is -122200322202 (base 4) in base 11?
-3a18073
144a880 (base 11) to base 9
4612756
Convert -1102100222201 (base 3) to base 12.
-305084
What is 6125123 (base 7) in base 12?
2b2058
1010000100000110010 (base 2) to base 7
2542311
Convert -5576223 (base 9) to base 14.
-582514
-112122221123 (base 4) to base 11
-3353a65
Convert -18522 (base 14) to base 8.
-167702
-316aa (base 13) to base 10
-89034
What is -3467 (base 16) in base 8?
-32147
Convert -804959 (base 15) to base 3.
-102110102202010
5ac15 (base 16) to base 7
3105525
-10344210 (base 5) to base 11
-62043
-734244 (base 8) to base 12
-b9170
6104230 (base 10) to base 5
3030313410
What is 632a3 (base 11) in base 10?
92194
10000001111010010000 (base 2) to base 6
15223252
Convert -318666 (base 12) to base 4.
-2332322232
-1211022112120 (base 3) to base 16
-ecfc4
-22220333 (base 6) to base 12
-2846a9
What is -1366511 (base 7) in base 3?
-100101110222
Convert -3436a (base 13) to base 3.
-11211101222
What is 225549 (base 10) in base 6?
4500113
Convert 12121110100100 (base 3) to base 11.
1756851
What is -200120022100 (base 3) in base 14?
-9727c
17656405 (base 9) to base 14
12777d0
What is -31332132 (base 4) in base 2?
-1101111110011110
277166 (base 8) to base 4
113321312
2a6886 (base 15) to base 9
3760170
Convert 1140342 (base 7) to base 12.
6b579
51b020 (base 13) to base 6
104530551
-2311324 (base 6) to base 12
-58544
16293 (base 16) to base 5
10401041
What is -cca8b (base 14) in base 2?
-1111001000110000011
Convert -614427 (base 9) to base 8.
-1307130
Convert 89b07b (base 12) to base 15.
2d5ba8
Convert 3560255 (base 7) to base 16.
6e3c6
-107020421 (base 8) to base 12
-629ba41
3046727 (base 10) to base 16
2e7d47
3536160 (base 7) to base 3
211200020220
1021057 (base 8) to base 5
32132040
Convert -47a877 (base 14) to base 9.
-4542747
Convert 52a5835 (base 11) to base 4.
203212303122
50155240 (base 7) to base 16
3f4c90
27a319a (base 11) to base 7
55656502
Convert 4514500 (base 6) to base 16.
37a04
What is -200628 (base 9) in base 10?
-118610
-4a6321 (base 11) to base 3
-1111121000002
848b1 (base 14) to base 8
1161033
-214eb (base 16) to base 5
-13331202
Convert 2959d (base 14) to base 2.
11001000011110111
6113f (base 16) to base 4
1201010333
What is -1459545 (base 11) in base 12?
-a0782b
What is -6166564 (base 7) in base 2?
-10110100100010000000
What is 1bc30 (base 15) in base 16?
1617f
Convert -8b49b (base 16) to base 7.
-4564222
Convert -424641 (base 9) to base 6.
-5230101
1202423002 (base 5) to base 15
39d96c
What is 10001011010101110011 (base 2) in base 5?
121230424
128462 (base 11) to base 16
3133d
What is 1222101200010 (base 3) in base 7?
11635035
What is 25467370 (base 8) in base 7?
66101406
30350505 (base 6) to base 7
10251602
What is -21a8754 (base 11) in base 3?
-21021012212010
What is 4523 (base 10) in base 15?
1518
Convert -3267 (base 13) to ba